ivative of -a**5/20 - 5*a**4/6 - 2*a**3 - 2*a**2 + 2*a. List the prime factors of s(-9).
23
Suppose 5*q - 16247 = 3*a, -3*q - 4*a = -4*q + 3263. List the prime factors of q.
17, 191
What are the prime factors of 4/8*(-8 - -220)*31?
2, 31, 53
Let m(d) = -d**3 + 9*d**2 - 3*d - 8. Suppose -5*y + 12 + 23 = 0. Let z be m(y). What are the prime factors of (-1)/((-72)/z + 1)?
23
Let x(i) = 134*i - 173. What are the prime factors of x(11)?
1301
Let m(q) = 2*q - 5. Let v be m(5). Suppose 2*g - 7 = -h, 3*h + g - v = 1. Suppose -3*k = p + 7 - h, p = 5*k + 26. List the prime factors of p.
2, 3
What are the prime factors of (-76)/5*(-15)/3?
2, 19
Suppose -3*f + 47 = 35. Suppose z + 72 = f*z. What are the prime factors of z?
2, 3
Let o be 19/(-76) + 9/4. Suppose -5*q = -o*q - 120. Suppose -4*f + q + 88 = 0. What are the prime factors of f?
2
Suppose 0 = -q + 4, 31 = 3*t + q - 0*q. Suppose t*s - 582 = 6*s. Suppose 0 = 3*v + 5*u + 42 - s, -2*u = -2*v + 80. List the prime factors of v.
2, 11
Suppose -29 + 101 = 3*q. Suppose -5*o - 20 = 2*t, -4*o - q + 8 = -t. Suppose -3*c + 4*j - 7 + 45 = t, 5*c + 5*j = 5. What are the prime factors of c?
2, 3
List the prime factors of (-21622)/(-23) - -14*13/(-2093).
2, 5, 47
Let o(b) = b**3 + 10*b**2 + 1. Let q = -106 - -101. What are the prime factors of o(q)?
2, 3, 7
Suppose -f - 12890 = -5*a, -2*f = 16*a - 14*a - 5168. List the prime factors of a.
2579
Suppose 209*k - 215*k + 17688 = 0. List the prime factors of k.
2, 11, 67
Let v(t) be the second derivative of -t**3/2 + 2*t**2 - 4*t. Let g be v(-2). Suppose 2*y = -5*h + 50, 3*y + 2*h - 43 - g = 0. What are the prime factors of y?
3, 5
Suppose -334 = 7*w - 866. List the prime factors of w.
2, 19
Let u(a) = -28*a + 2. Let v(g) = g**3 - 9*g**2 - 11*g + 3. Let f be v(10). What are the prime factors of u(f)?
2, 3, 11
Suppose 5*u = 5*x - 14565, 10*x - 5828 = 8*x + 4*u. What are the prime factors of x?
2, 7, 13
Let q be 0/(((-10)/(-2))/5). Suppose 5*v + m - 5*m = 913, 3*v - 5*m - 553 = q. What are the prime factors of v?
181
Let a(o) = -o**3 + 7*o**2 - 4*o. Let j = 0 - -3. Suppose -4*z - n + 23 = 0, 0 = 4*z + n + j*n - 20. List the prime factors of a(z).
2, 3
Suppose -x - 74 = 2*z, -114 = 3*z - x + 4*x. Let f be 12/5 + z/(-60). What are the prime factors of 9*(f + -6)/(-9)?
3
Suppose -37 = -3*q - 28. Suppose q*y - 1197 = -4*y. What are the prime factors of y?
3, 19
Suppose -2*m = 3*p - 4205, 4*m - 8355 = -30*p + 35*p. List the prime factors of m.
5, 419
Suppose 2*i + 6*o - 4*o - 164 = 0, -4*i = 2*o - 318. Let b(k) = -29*k**2 - k - 1. Let f be b(-1). Let u = i + f. List the prime factors of u.
2, 3
List the prime factors of -3098*(3 - 28/8).
1549
Let h = 384 - -78. List the prime factors of h.
2, 3, 7, 11
Let l(u) = u**3 - u**2 + 1. Suppose -2*z + 0 = -4*w + 2, 10 = 5*w + 5*z. Let g be l(w). List the prime factors of g/(-4*(-4)/336).
3, 7
Suppose 9*v - 4970 = -209. What are the prime factors of v?
23
Let b = -183 + 254. List the prime factors of b.
71
Suppose -5*f = -3*l + 132, 3 = -2*l + 5*f + 91. Suppose -z + 2*h + 64 = 0, -h = -3*h + 10. Let w = z - l. What are the prime factors of w?
2, 3, 5
Let k = -338 - -223. Let x = -40 - k. What are the prime factors of x?
3, 5
Let m = 5797 - 3980. What are the prime factors of m?
23, 79
Suppose -107*y + 348462 + 1000 = 0. List the prime factors of y.
2, 23, 71
Let q(u) = 79*u - 6. What are the prime factors of q(2)?
2, 19
Let i(t) = 43*t**2 - 3*t + 14. List the prime factors of i(6).
2, 193
Let g(i) = 11*i**2 + 3 + 10*i**2 - 16*i**2 + 11*i - 10. List the prime factors of g(4).
3, 13
Let h be -3 - (-3 + 1) - -1. Suppose -3*f - 2*f + 10 = h. Suppose f*l + 2 = 3*l. What are the prime factors of l?
2
Let d = -20 + 10. List the prime factors of (8/(-3))/(d/435).
2, 29
Suppose -2 = -z - 0*z. Suppose -4*o - 12 + 40 = 5*x, z = -o + x. List the prime factors of 2 - (-1 + o/(-2)).
2
Suppose 12 - 3 = -j. Let x be j/(-6)*16/(-3). Let p(f) = f**2 + 7*f - 1. List the prime factors of p(x).
7
Suppose a = -5*o - 53, -4*o + 0*a = -3*a + 31. Let n be o/35 + (-206)/14. List the prime factors of (-2 - -5)/((-3)/n).
3, 5
Let k(t) = -5 - 4*t**3 + 9*t**2 + 6*t + 5*t**3 - 1. What are the prime factors of k(-6)?
2, 3, 11
Let q = -80 - -90. Suppose 348 = 5*l - 3*p, -p = -3*l + 218 - q. What are the prime factors of l?
3, 23
Suppose -603 = -23*z + 18533. What are the prime factors of z?
2, 13
What are the prime factors of (-6 - (-5)/1)/(4/(-2548))?
7, 13
Let x(b) = -11*b**2 - 2*b - 3. Let g be x(-2). Let d = g + 137. What are the prime factors of d?
2, 47
Let b = -41 + 45. Suppose 374 = 2*n - b*z, n - 167 = z - 4*z. What are the prime factors of n?
179
Suppose 34*c - 14192 = 3250. What are the prime factors of c?
3, 19
Let u be (-13)/3 + 4/(-6). Let y(s) = s**2 - s. Let b be y(u). Suppose -4*o + b = 3*t, -5*o - 40 = -4*t - 2*o. List the prime factors of t.
2, 5
Let m be ((-64)/(-56))/((-4)/(-14)). Let v be 16/(-6)*(-54)/m. Suppose -n - 24 = j - 3*j, 0 = 2*j + 5*n - v. List the prime factors of j.
13
Suppose -2*k - 3*k = 0. Suppose k = -2*v + 4 - 2. Let j = 4 + v. What are the prime factors of j?
5
Let f(k) = 606*k**2 - 17*k - 28. List the prime factors of f(-2).
2, 3, 5
What are the prime factors of 9/(-1) + -8 + 2499?
2, 17, 73
List the prime factors of (-6)/16 + 125976/64.
2, 3, 41
Let r(o) be the second derivative of o**5/10 - o**3 + 13*o**2 + 7*o. What are the prime factors of r(5)?
2, 3, 41
Let x(n) = -n**3 + 6*n**2 - 5*n + 3. Let c be x(5). Suppose 3*g - 61 = -c*l - 16, -g + 45 = -5*l. Let h = g - 1. List the prime factors of h.
19
Let q = -159 + 244. Suppose -u - s = 3*s + q, 5*u - s = -383. List the prime factors of (-4)/14 + (-2717)/u.
5, 7
What are the prime factors of ((-2090)/15 - 5)*(-1 - 2)?
433
Let t(r) = -r**2 - 7*r - 8. Let h be t(-4). Suppose h*g + 5*k - k - 20 = 0, g + 10 = 2*k. Suppose g = 5*c - 6*c + 59. What are the prime factors of c?
59
Let q = 1247 - 287. List the prime factors of q.
2, 3, 5
Let y = 34 - 27. Let c(p) = 2*p**2 + 16*p - 10. Let m be c(y). Suppose 9*a = 5*a + m. What are the prime factors of a?
2, 5
Suppose -6 = -4*f + 2*t, 0 = -f + 5*f + 4*t + 24. List the prime factors of f + 111*-3*(-4)/36.
2, 3
Suppose -19*y + 810 = -16*y. List the prime factors of y.
2, 3, 5
Let g = -79 - -18. Let x = 151 + g. What are the prime factors of (-104)/(-39)*x/4?
2, 3, 5
What are the prime factors of 7215/30 - (-20)/(-8)?
2, 7, 17
Let v(p) = -4*p**3 - 14*p**2 - 10*p - 102. List the prime factors of v(-10).
2, 3, 433
Let g(n) = n**3 + 9*n**2 + n + 2. Let f be g(-9). Let s = f + 10. Suppose 3*v + 0*v + s*c - 102 = 0, 24 = v - 4*c. List the prime factors of v.
2
Let f(w) = -3545*w + 10. What are the prime factors of f(-1)?
3, 5, 79
Suppose 5*d - 2*b - 809 = -280, -5*d - 3*b + 519 = 0. List the prime factors of 14/d - (-2874)/45.
2
Suppose 0 = -2*r - 44 - 38. List the prime factors of r/((-8 + 4)/4).
41
Suppose -3*m + 3*p - 3 - 6 = 0, 5*m - 4*p = -12. Suppose m = -y - 4, 3*y + 5 = 4*v - 23. Suppose v*d = 2*d + 108. List the prime factors of d.
2, 3
Let q(o) = -3*o - 12. Let t be q(-4). Suppose 0 = 7*a - t*a - 112. What are the prime factors of a?
2
Let j = -14 + 54. Suppose 3*a = -12, 5*b - 7*b = -3*a - 16. Suppose b*m - 94 = j. What are the prime factors of m?
67
Let j(s) = s - 3. Let o be j(9). Let u = 3 - o. What are the prime factors of 44 - (-4 - -1 - u)?
2, 11
Let z(s) = s**3 + 14*s**2 - 14*s + 19. Let j be z(-15). What are the prime factors of 0 + j - (8 - 56)?
2, 13
Let y(z) = -z**3 + 3*z**2 + z + 3. Let k be y(3). What are the prime factors of (-546)/(-9) - -1*2/k?
61
Suppose -440 = 5*p - 6*p. Suppose 16*b + p = 21*b. What are the prime factors of b?
2, 11
Suppose 502 = 15*s - 68. What are the prime factors of s?
2, 19
Suppose 0 = 5*c + 5*z - 240, -5*c - 6*z + 9*z + 240 = 0. Let a = c + 209. What are the prime factors of a?
257
Let p = -82 - -99. What are the prime factors of p?
17
Suppose 0 = a + 3, -i = -4*a - 27 - 28. Let b = i + 46. List the prime factors of b.
89
Suppose -90 = -9*m + 4*m - 5*u, 0 = 4*m - u - 72. Suppose -m*a = -14*a - 8. Suppose -a = -z + 1. List the prime factors of z.
3
Suppose -7*v + 5*v - 8 = 0. Let d = v - -5. List the prime factors of 30/1 - 2 - d.
3
Let n(u) = 15*u + 6. Let r(y) = y - 1. Let p(o) = -n(o